{"id":1514,"date":"2023-09-21T13:32:50","date_gmt":"2023-09-21T16:32:50","guid":{"rendered":"https:\/\/bg1.com.br\/loja\/?post_type=product&#038;p=1514"},"modified":"2023-09-21T13:44:28","modified_gmt":"2023-09-21T16:44:28","slug":"waldomiro-de-deus-ast-162-x-92-cm-ref-wd-046","status":"publish","type":"product","link":"https:\/\/bg1.com.br\/loja\/produto\/waldomiro-de-deus-ast-162-x-92-cm-ref-wd-046\/","title":{"rendered":"Waldomiro de Deus \u2013 AST \u2013 162 X 92 cm \u2013 Ref: WD-046"},"content":{"rendered":"<p>Artista: Waldomiro de Deus<br \/>\nT\u00edtulo:\u00a0\u2014<br \/>\nT\u00e9cnica:\u00a0Acr\u00edlica Sobre Tela<br \/>\nDimens\u00f5es: 162 X 92\u00a0cm<br \/>\nData: \u2014<\/p>\n<div class=\"show_more\"><p class=\"wpsm-show\" style=\"color: #cc0000; font-size: 100%; text-align: left;\"> ... Leia mais<\/p><div class=\"wpsm-content\">\n<p>WALDOMIRO DE DEUS<\/p>\n<p>WALDOMIRO DE DEUS nasceu em Itajib\u00e1, Bahia, em 1944. Foi para S\u00e3o Paulo num pau-de-arara no come\u00e7o dos anos 60 e tra\u00adbalhou como jardineiro na casa de um imi\u00adgrante italiano, onde realizou suas primei\u00adras obras, guache sobre cartolina. Autodi\u00addata, exp\u00f4s seus desenhos no Viaduto do Ch\u00e1 sendo descoberto pelo compositor Teodoro Nogueira. A partir da\u00ed, sua carreira come\u00e7ou a crescer.<br \/>\nParticipou da IX Bienal de S\u00e3o Paulo, em 1967; realizou exposi\u00e7\u00f5es coletivas e individuais na Europa, em Israel e nos EUA. Viveu na Fran\u00e7a e na It\u00e1lia. Tem quadros nos acervos do Museu Internacional de Arte Naif (MIAN), no Rio de Janeiro; da Pinacoteca do Estado de S\u00e3o Paulo; do Museu de Arte Contempor\u00e2nea da USP; do Museu de Arte Brasileira da Faculdade Ar\u00admando \u00c1lvares Penteado (FAAP \u2013 SP); do Museu de Arte Contempor\u00e2nea de Campi\u00adnas \u2013 SP; e na Reitoria da Universidade Es\u00adtadual Paulista (UNESP).<\/p>\n<p>Texto extra\u00eddo do livro \u201cOs pinc\u00e9is de Deus \u2013 Vida e obra do pintor \u201cnaif\u201d Waldomiro de Deus\u201d de Oscar D\u00b4Ambr\u00f3sio \u2013 escritor e cr\u00edtico de artes.<\/p>\n<p>1967<br \/>\nGaleria Kiart Santos\/SP<br \/>\nIX Bienal de S\u00e3o Paulo S\u00e3o Paulo\/SP<br \/>\n1969<br \/>\nGaleria Antoinette Paris\/Fran\u00e7a<br \/>\n1970<br \/>\nGaleria da Embaixada do Brasil Londres\/Inglaterra<br \/>\nMuseu de Laval Paris\/Fran\u00e7a<br \/>\nGaleria Antoinette Paris\/Fran\u00e7a<br \/>\n\u201cLa Maison et son D\u00f3cor\u201d Paris\/Fran\u00e7a<br \/>\n1971<br \/>\nPeckete Gallery S\u00e3o Paulo\/SP<br \/>\nCasa do Artista de Jerusal\u00e9m Israel<br \/>\nZoa-House Telavive\/Israel<br \/>\nGalleria d\u00b4Arte D. Bernardi It\u00e1lia<br \/>\nGalleria d\u00b4Arte La Colonna Bolonha\/It\u00e1lia<br \/>\nGalleria d\u00b4Arte Arno Floren\u00e7a\/It\u00e1lia<br \/>\nGaleria Municipal de Arte Hollywood\/Calif\u00f3rnia\/EUA<br \/>\nGaleria Courtney Alabama\/EUA<br \/>\n1972<br \/>\nMuseu da Galliera Paris\/Fran\u00e7a<br \/>\nTrienal de Bratislava Tchecoslov\u00e1quia<br \/>\nGaleria Isy Brachot Bruxelas\/B\u00e9lgica<br \/>\nKensge Art Center Gallery Michigan State University\/EUA<br \/>\n1973<br \/>\nMuseu de Belas Artes Rio de Janeiro\/RJ<br \/>\nCherry Gallery Bolonha\/It\u00e1lia<br \/>\nGaleria de Teatro M\u00ednimo Mantova\/It\u00e1lia<br \/>\nGaleria Mariani Ravenna\/It\u00e1lia<br \/>\nMuseu Louisiania Dinamarca<br \/>\n1974<br \/>\nGaleria SESC Santos\/SP<br \/>\nMuseu Nacional de Belas Artes Santiago\/Chile<br \/>\nCharlote Galeria F\u00fcr Naive Munique\/Alemanha<br \/>\nLa Grande Domenica Galleria Mil\u00e3o\/It\u00e1lia<br \/>\nGalleria Aldebaran Mil\u00e3o\/It\u00e1lia<br \/>\nGalleria comunale di Arte Moderna di Bologna Bolonha\/It\u00e1lia<br \/>\n1975<br \/>\n\u201cFesta de cores\u201d Museu de Arte de S\u00e3o Paulo S\u00e3o Paulo\/SP<br \/>\n1976<br \/>\nPanorama Galeria de Arte Salvador\/BA<br \/>\nI Encontro Uruguayo-Brasileiro de Arte Naif Montevid\u00e9o\/Uruguai<br \/>\nBiennale Internazionale Naif \/ Erba Como\/It\u00e1lia<br \/>\nGaleria L\u00b4Oeil de Bouf Paris\/Fran\u00e7a<br \/>\n1977<br \/>\nRassegna di Pintura Naif Primitivi Braziliani Garda\/It\u00e1lia<br \/>\nCommerzbank Frankfurt\/Alemanha<br \/>\n1978<br \/>\nGaleria Jardim das Artes S\u00e3o Paulo\/SP<br \/>\nSagu\u00e3o do Teatro Cacilda Becker S\u00e3o Bernardo do Campo\/SP<br \/>\nPeintres Br\u00e9siliens de I\u00b4Imaginaire Ville de ris \u2013 Orange Paris\/Fran\u00e7a<br \/>\nGaleria Ipanema Telavive\/Israel<br \/>\nGrinter Gallery University of Florida\/EUA<br \/>\nGaleria Aan de Haven Holanda<br \/>\n1979<br \/>\nGaleria do Hotel Eron Bras\u00edlia\/DF<br \/>\nHamilton\u00b4s Fine Art Gallery Londres\/Inglaterra<br \/>\n1980<br \/>\nSal\u00e3o Paulista de Artes Pl\u00e1sticas S\u00e3o Paulo\/SP<br \/>\nPa\u00e7o das Artes S\u00e3o Paulo\/SP<br \/>\nGaleria Cravo e Canela S\u00e3o Paulo\/SP<br \/>\nMuseu do Sol Pen\u00e1polis\/SP<br \/>\nGaleria sin Paora Paris\/Fran\u00e7a<br \/>\nMus\u00e9e International d\u00b4Art Naif Anatole Jakowiski Nice\/Fran\u00e7a<br \/>\nMuseu Trebjne Iugosl\u00e1via<br \/>\n1981<br \/>\nGaleria Jean Jacques Rio de Janeiro\/RJ<br \/>\nPinacoteca de S\u00e3o Bernardo do Campo S\u00e3o Bernardo do Campo\/SP<br \/>\nLa F\u00eate el les Naifs, Avec le concours du mus\u00e9e D\u00b4Art Naif de L\u00b4Ille de France Fran\u00e7a<br \/>\n1982<br \/>\nSal\u00e3o Paulista de Artes Pl\u00e1sticas e Visuais S\u00e3o Paulo\/SP<br \/>\nMito e Magia del Colore Napoles\/It\u00e1lia<br \/>\nMus\u00e9e International d\u00b4Art Naif Anatole Jakowiski Nice\/Fran\u00e7a<br \/>\n1983<br \/>\nSal\u00e3o de Arte do T\u00eanis Clube de Santo Andr\u00e9 Santo Andr\u00e9\/SP<br \/>\n1984<br \/>\nGaleria Jacques Ardies S\u00e3o Paulo\/SP<br \/>\nArte na Rua (Out Door) \u2013 Organiza\u00e7\u00e3o MAC S\u00e3o Paulo\/SP<br \/>\nProjeto Releitura \u2013 Pinacoteca do Estado de S\u00e3o Paulo S\u00e3o Paulo\/SP<br \/>\nL\u00b4Arte Popolares Sudamericana \u2013 Circolo Sardegna Bolonha\/It\u00e1lia<br \/>\nL\u00b4Ariete Gallerie d\u00b4Arte Bolonha\/It\u00e1lia<br \/>\n1985<br \/>\nXVIII Bienal de S\u00e3o Paulo S\u00e3o Paulo\/SP<br \/>\nCasa da Arte Brasileira Campinas\/SP<br \/>\nL\u00b4Ariete Gallerie d\u00b4Arte Bolonha\/It\u00e1lia<br \/>\nGaleria do Centro Cultural \u00cdtalo-Brasileiro Mil\u00e3o\/It\u00e1lia<br \/>\nConnaissance des Naives \u2013 Marie Marselha\/Fran\u00e7a<br \/>\n1986<br \/>\nGaleria L\u00b4Oeil de Bouf Paris\/Fran\u00e7a<br \/>\nGaleria Blue Life S\u00e3o Paulo\/SP<br \/>\nMuseu de Arte de Gio\u00e2nia Goi\u00e2nia\/GO<br \/>\nMuseu de Arte Contempor\u00e2nea Jos\u00e9 Pancetti Campinas\/SP<br \/>\nNu \u2013 Vis\u00e3o do Artista \u2013 Pa\u00e7o Municipal S\u00e3o Bernardo do Campo\/SP<br \/>\nProjeto Zumbi da IV Bienal \u2013 Ibirapuera S\u00e3o Paulo\/SP<br \/>\nCentro Sociale A . Montanari Bolonha\/It\u00e1lia<br \/>\n1987<br \/>\nGaleria 3 do Teatro Nacional Bras\u00edlia\/DF<br \/>\nXXXVIII Congresso Nacional de Bot\u00e2nica da USP S\u00e3o Paulo\/SP<br \/>\nMuseu de Arte de Santa Catarina Florian\u00f3polis\/SC<br \/>\nIndividual Espa\u00e7o de Arte Campinas\/SP<br \/>\nGalerie I\u00b4Oeil de Boeuf Paris\/Fran\u00e7a<br \/>\nMuseu de Arte de Joinville Joinville\/SC<br \/>\n1988<br \/>\nL\u00b4Art Brasilien \u2013 Mus\u00e9e d\u00b4Art Naif Max Fourny Paris\/Fran\u00e7a<br \/>\nCollection du Museu do Sol Pen\u00e1polis\/SP<br \/>\nArte Brasileira \u2013 Pinacoteca do Estado de S\u00e3o Paulo S\u00e3o Paulo\/SP<br \/>\nM\u00e3o Afro-Brasileira \u2013 Museu de Arte Moderna \u2013 Ibirapuera S\u00e3o Paulo\/SP<br \/>\nM\u00eas da pintura ing\u00eanua Brasileira \u2013 MASP S\u00e3o Paulo\/SP<br \/>\nRecado a M\u00e1rio Scheemberg \u2013 FUNARTE S\u00e3o Paulo\/SP<br \/>\n1989<br \/>\nPa\u00e7o Municipal de Maring\u00e1 Maring\u00e1\/PR<br \/>\nIta\u00fa Galeria Goi\u00e2nia\/GO<br \/>\n1990<br \/>\nPortal Galeria de Arte S\u00e3o Paulo\/SP<br \/>\n1991<br \/>\nCasa Grande de Arte Goi\u00e2nia\/GO<br \/>\nMorumbi Shopping S\u00e3o Paulo\/SP<br \/>\nCasa de Arte Brasileira Campinas\/SP<br \/>\n\u201cPeintres Naifs Br\u00e9siliens de L\u00b4imaginaie\u201d, La Grande Bouveche Centre Culturel Andr\u00e9 Mairaux Ville D\u00f3rsay\/Fran\u00e7a<br \/>\n1992<br \/>\nCentro de Arte Primitiva Bras\u00edlia\/DF<br \/>\nGaleria Frei Confaloni Goi\u00e2nia\/GO<br \/>\n1993<br \/>\nPinacoteca do Estado de S\u00e3o Paulo S\u00e3o Paulo\/SP<br \/>\n1994<br \/>\nZeitgen\u00f6ssische Naive Kunst Aus Brasilien Frankfurt\/Alemanha<br \/>\nEspa\u00e7o Cultural Pinauto Goi\u00e2nia\/GO<br \/>\nBienal Naifs do Brasil (sala especial) Piracicaba\/SP<br \/>\nMuseu de Arte Goi\u00e2nia\/GO<br \/>\n1995<br \/>\nTeatro Cacilda Becker S\u00e3o Bernardo do Campo\/SP<br \/>\nOsasco Plaza Shopping Osasco\/SP<br \/>\nGaleria Paulista SESC S\u00e3o Paulo\/SP<br \/>\nCasa das Artes Piracicaba\/SP<br \/>\n1996<br \/>\nColetivas organizadas pelo SESC de S\u00e3o Paulo Campinas\/SP<br \/>\nColetivas organizadas pelo SESC de S\u00e3o Paulo S\u00e3o Jos\u00e9 dos Campos\/SP<br \/>\nColetivas organizadas pelo SESC de S\u00e3o Paulo Ribeir\u00e3o Preto\/SP<br \/>\nColetivas organizadas pelo SESC de S\u00e3o Paulo Araraquara\/SP<br \/>\nColetivas organizadas pelo SESC de S\u00e3o Paulo S\u00e3o Jos\u00e9 do Rio Preto\/SP<br \/>\nColetivas organizadas pelo SESC de S\u00e3o Paulo Pen\u00e1polis\/SP<br \/>\nColetivas organizadas pelo SESC de S\u00e3o Paulo Presidente Prudente\/SP<br \/>\n1997<br \/>\nGaleria de Arte Hebraica S\u00e3o Paulo\/SP<br \/>\nGaleria Merc\u00fario Santos\/SP<br \/>\nGaleria de Arte Casa da Cultura Catanduva\/SP<br \/>\n1998<br \/>\nMuseu de Arte Contempor\u00e2nea Jos\u00e9 Pancetti Rio de Janeiro\/RJ<br \/>\nMuseu de Arte Contempor\u00e2nea Jos\u00e9 Pancetti Campinas\/SP<br \/>\n1999<br \/>\nMuseu Nacional de Belas Artes do Rio de Janeiro Rio de Janeiro\/RJ<br \/>\n2000<br \/>\nMuseu Internacional de Arte Naif Brasileira \u2013 Grandes nomes da Arte Naif Rio de Janeiro\/RJ<br \/>\nBrasil 500 Anos \u2013 Bienal de S\u00e3o Paulo S\u00e3o Paulo\/SP<br \/>\nBienal Nacional de Arte Naif \u2013 Convidado Especial Piracicaba\/SP<br \/>\nXII Mostra de Arte da FIEO Osasco\/SP<br \/>\n2001<br \/>\nFeira da Cultura Salvador\/BA<br \/>\nGaleria Municipal de Artes de Barueri Barueri\/SP<br \/>\nExposi\u00e7\u00e3o no IPREM \u2013 Istituto de Previd\u00eancia do Munic\u00edpio de S\u00e3o Paulo S\u00e3o Paulo\/SP<br \/>\n2002<br \/>\nFunda\u00e7\u00e3o Jaime C\u00e2mara Goi\u00e2nia\/GO<br \/>\nBienal Nacional de Arte Naif Piracicaba\/SP<br \/>\nGaleria da LBV Bras\u00edlia\/DF<br \/>\nExposi\u00e7\u00e3o Centro Cultural Banco do Brasil S\u00e3o Paulo\/SP<br \/>\nMuseu de Arte Primitiva de Assis Assis\/SP<br \/>\nGaleria de Arte do SESI \u2013 Cole\u00e7\u00e3o do MAC USP S\u00e3o Paulo\/SP<br \/>\n2003<br \/>\nCentro Municipal de Educa\u00e7\u00e3o Adamastor Guarulhos\/SP<br \/>\n2004<br \/>\nFunda\u00e7\u00e3o Armando \u00c1lvares Penteado \u2013 FAAP , Novas Aquisi\u00e7\u00f5es 1995 \u2013 2003 S\u00e3o Paulo\/SP<br \/>\nMuseu de Goi\u00e2nia Goi\u00e2nia\/GO<br \/>\nExposi\u00e7\u00e3o das Malas em homenagem aos 450 anos de S\u00e3o Paulo no SESC Pomp\u00e9ia S\u00e3o Paulo\/SP<br \/>\nExposi\u00e7\u00e3o das Malas em homenagem aos 450 anos de S\u00e3o Paulo na Hebraica S\u00e3o Paulo\/SP<br \/>\n2006<br \/>\nENCONTROS E REENCONTROS NA ARTE NAIF \u2013 UNITED NATIONS New York \/ USA<br \/>\nENCONTROS E REENCONTROS NA ARTE NAIF \u2013 OEA Washington \/ USA<br \/>\nMUS\u00c9E D\u00b4ART HAITIEN DU COLLEGE SAINT PIERRE Porto Pr\u00edncipe \/ Haiti<br \/>\nFUNDA\u00c7\u00c3O CULTURAL DE CURITIBA -ARTE NAIF EM DESTAQUE \u2013 CENTRO DE CRIATIVIDADE DE CURITIBA Curitiba\/PR<br \/>\nUNIVERSIDADE FIEO Osasco\/SP<br \/>\nBRAZILIAN NAIVE ART from the SESC Collection Chicago \/ USA<br \/>\nUSICULTURA \u2013 INSTITUTO CULTURAL USIMINAS \u2013 ARTE NAIF BRASILEIRA \u2013 COLE\u00c7\u00c3O SESC SP MG<br \/>\nATELIER VANGUARDA \u2013 REP\u00daBLICA DAS ARTES S\u00e3o Paulo\/SP<br \/>\nFOLIA DAS CORES \u2013 OSASCO PLAZA SHOPPING Osasco\/SP<br \/>\nMUSEU AFRO BRASILEIRO \u2013 MOSTRA CULTURAL 2006 S\u00e3o Paulo\/SP<br \/>\nI Feira de Folclore \u2013 Parque da \u00c1gua Branca S\u00e3o Paulo\/SP<br \/>\n2007<br \/>\nSet\/Out \u2013 Museu de Arte Popular Diadema \/ SP<br \/>\n2008<br \/>\nUniversidade Tecnol\u00f3gica Metropolitana do Chile Santiago \/ Chile<br \/>\n <p class=\"wpsm-hide\" style=\"color: #cc0000; font-size: 100%; text-align: left;\"> ... Ler menos<\/p><\/div><\/div>\n","protected":false},"excerpt":{"rendered":"<p>Artista: Waldomiro de Deus T\u00edtulo:\u00a0\u2014 T\u00e9cnica:\u00a0Acr\u00edlica Sobre Tela Dimens\u00f5es: 162 X 92\u00a0cm Data: \u2014<\/p>\n","protected":false},"featured_media":1515,"template":"","meta":[],"product_cat":[69,108],"product_tag":[],"class_list":["post-1514","product","type-product","status-publish","has-post-thumbnail","hentry","product_cat-artistas","product_cat-waldomiro-de-deus"],"aioseo_notices":[],"_links":{"self":[{"href":"https:\/\/bg1.com.br\/loja\/wp-json\/wp\/v2\/product\/1514","targetHints":{"allow":["GET"]}}],"collection":[{"href":"https:\/\/bg1.com.br\/loja\/wp-json\/wp\/v2\/product"}],"about":[{"href":"https:\/\/bg1.com.br\/loja\/wp-json\/wp\/v2\/types\/product"}],"wp:featuredmedia":[{"embeddable":true,"href":"https:\/\/bg1.com.br\/loja\/wp-json\/wp\/v2\/media\/1515"}],"wp:attachment":[{"href":"https:\/\/bg1.com.br\/loja\/wp-json\/wp\/v2\/media?parent=1514"}],"wp:term":[{"taxonomy":"product_cat","embeddable":true,"href":"https:\/\/bg1.com.br\/loja\/wp-json\/wp\/v2\/product_cat?post=1514"},{"taxonomy":"product_tag","embeddable":true,"href":"https:\/\/bg1.com.br\/loja\/wp-json\/wp\/v2\/product_tag?post=1514"}],"curies":[{"name":"wp","href":"https:\/\/api.w.org\/{rel}","templated":true}]}}