{"id":399,"date":"2020-08-10T22:56:27","date_gmt":"2020-08-11T01:56:27","guid":{"rendered":"http:\/\/bg1.com.br\/loja\/produto\/takaki-shokichi-rosas-e-cachoeira-ost-60-x-90-cm-data-2001-ref-st-003\/"},"modified":"2020-12-07T17:13:36","modified_gmt":"2020-12-07T20:13:36","slug":"takaki-shokichi-rosas-e-cachoeira-ost-60-x-90-cm-data-2001-ref-st-003","status":"publish","type":"product","link":"https:\/\/bg1.com.br\/loja\/produto\/takaki-shokichi-rosas-e-cachoeira-ost-60-x-90-cm-data-2001-ref-st-003\/","title":{"rendered":"Takaki, Shokichi &#8211; Rosas e Cachoeira &#8211; OST &#8211; 60 X 90 cm &#8211; Data: 2001 &#8211; Ref: ST-003"},"content":{"rendered":"<p><span style=\"font-family: verdana,arial,tahoma,helvetica;\">Artista: Takaki, Shokichi<br \/>\nT\u00edtulo: Rosas e\u00a0Cachoeira<br \/>\nT\u00e9cnica: \u00d3leo Sobre Tela<br \/>\nDimens\u00f5es: 60 X 90 cm<br \/>\nData: 2001<\/span><\/p>\n<div class=\"show_more\"><p class=\"wpsm-show\" style=\"color: #cc0000; font-size: 100%; text-align: left;\"> ... Leia mais<\/p><div class=\"wpsm-content\">\nSHOKICHI TAKAKI<\/p>\n<p>Nascido em Niegata, Jap\u00e3o, em 1914, o artista chegou ao Brasil em 1926 e atuou como colono nas lavouras paulistas de caf\u00e9 na regi\u00e3o de Bebedouro e Nova Granada.<br \/>\nPercebendo que aquela atividade n\u00e3o tinha futuro como forma de independ\u00eancia econ\u00f4mica, lembrando que se destacara nas aulas de desenho na escola, quando crian\u00e7a, comprou, em Ol\u00edmpia, tinta a \u00f3leo e folhas de cartolina. Pintou \u00e0 noite, \u00fanico hor\u00e1rio livre que tinha, e conseguiu \u00eaxito de venda com o administrador da fazenda onde trabalhava.<br \/>\nDeterminado, em busca de novas oportunidades, em 1940, j\u00e1 casado, decide ir para a Capital. Desempenha a fun\u00e7\u00e3o de desenhista de litografia e de agricultor de tomates em Guararema, mas, autodidata e persistente, desenvolveu uma forma muito pessoal de pintar as flores, principalmente as rosas.<br \/>\nAo tornar a dif\u00edcil execu\u00e7\u00e3o em algo aparentemente f\u00e1cil, discute o exerc\u00edcio de pintar com maestria. Consegue resultados surpreendentes e fascinantes que podem ser avaliados levando em conta alguns princ\u00edpios est\u00e9ticos que norteiam a arte tradicional japonesa: miyabi (eleg\u00e2ncia refinada), mono no aware (consci\u00eancia da transitoriedade das coisas e uma tristeza serena ao v\u00ea-las passar), wabi (prazer da tranq\u00fcilidade) e sabi (simplicidade elegante).<br \/>\nSeis vezes recusado no Sal\u00e3o Paulista de Belas Artes, Takaki foi finalmente aceito em 1950, recebendo, posteriormente premia\u00e7\u00f5es como a Pequena e a Grande Medalha de Bronze e a Pequena e a Grande Medalha de Prata. Ganhou assim o respeito art\u00edstico como algu\u00e9m que domina os recursos pl\u00e1sticos para obter os efeitos visuais desejados.<br \/>\nO artista aprimorou uma linha de trabalho caracterizada por paisagens, naturezas-mortas, figuras humanas, flores e marinhas. Realista em sua forma de produzir as imagens, sabe como incutir em suas cria\u00e7\u00f5es, de maneira marcante, a intensidade da cor. Est\u00e1 ali o documento de uma express\u00e3o humana e de uma espiritualidade perante a arte.<br \/>\nTrata-se de uma obra madura em sua concep\u00e7\u00e3o e realiza\u00e7\u00e3o. As flores do artista propiciam a combina\u00e7\u00e3o entre a t\u00e9cnica aprimorada ao longo dos anos e a certeza de que cada quadro n\u00e3o \u00e9 uma repeti\u00e7\u00e3o dos anteriores, mas uma execu\u00e7\u00e3o renovada da pesquisa de um fazer e de um pensar visual.<\/p>\n<p>Oscar D\u2019Ambrosio, jornalista e mestre em Artes Visuais pelo Instituto de Artes da Unesp, integra a Associa\u00e7\u00e3o Internacional de Cr\u00edticos de Arte (AICA- Se\u00e7\u00e3o Brasil).<\/p>\n<p>PARTICIPA\u00c7\u00d5ES EM SAL\u00d5ES DE ARTES<\/p>\n<p>SAL\u00c3O PAULISTA DE BELAS ARTES<br \/>\n1964\u00a0\u00a0\u00a0\u00a0 Medalha de Bronze &#8211; Obra: O Aleijadinho &#8211; OST &#8211; 80 X 120 cm<br \/>\n1966\u00a0\u00a0\u00a0\u00a0 Pequena Medalha de Prata &#8211; Obra: Uma tarde na colina de Piratininga &#8211; OST &#8211; 90 X 120 cm<br \/>\n1969\u00a0\u00a0\u00a0\u00a0 Grande Medalha de Prata &#8211; Obra: Cachimbada &#8211; OST &#8211; 90 X 120 cm<br \/>\n1972\u00a0\u00a0\u00a0\u00a0 Faz parte do j\u00fari de sele\u00e7\u00e3o e premia\u00e7\u00e3o<br \/>\n1973\u00a0\u00a0\u00a0\u00a0 Pequena Medalha de Ouro &#8211; Obra: Tarde de Nostalgias &#8211; OST &#8211; 100 X 145 cm<br \/>\n1979\u00a0\u00a0\u00a0\u00a0 Pr\u00eamio Viagem ao Pa\u00eds &#8211; Obra: Natureza Morta &#8211; OST &#8211; 85 X 130 cm<br \/>\n1984\u00a0\u00a0\u00a0\u00a0 Pr\u00eamio Dr. Geraldo Mattar<br \/>\n1985\u00a0\u00a0\u00a0\u00a0 Pr\u00eamio Governador do Estado &#8211; Obra: Composi\u00e7\u00e3o<br \/>\n1987\u00a0\u00a0\u00a0\u00a0 Grande Medalha de Ouro &#8211; Obra: Manac\u00e1 da Serra &#8211; OST &#8211; 85 X 125 cm<br \/>\n1988\u00a0\u00a0\u00a0\u00a0 Medalha de Honra &#8211; Obra: Inspira\u00e7\u00e3o &#8211; OST &#8211; 96 X 136 cm<\/p>\n<p>PARTICIPA\u00c7\u00d5ES EM SAL\u00d5ES INTERNACIONAIS<\/p>\n<p>1984\u00a0\u00a0\u00a0\u00a0 Medaile D\u00b4 Or &#8220;VILLE DE PARIS&#8221; &#8211; Obra: Cataratas (Le Centre International D\u00b4Art Contemporain) Paris &#8211; France<br \/>\n1985\u00a0\u00a0\u00a0\u00a0 Medalha de Ouro &#8220;Gr\u00e3o Mestre&#8221; &#8211; Obra: Cris\u00e2ntemos (1\u00aa Mostra de Arte Contempor\u00e2nea Brasileira) EXPOFAIR &#8211; ESPELHO DE \u00c1GUA &#8211; LISBOA &#8211; PORTUGAL<br \/>\n1986\u00a0\u00a0\u00a0\u00a0 Grand Gold Great &#8220;MASTER MEDAL&#8221;\u00a0\u00a0\u00a0 CURTIS HIXON CONVENTION CENTER \u2013 TAMPA &#8211; FL\u00d3RIDA &#8211; EUA<br \/>\n1987\u00a0\u00a0\u00a0\u00a0 Grande Medalha de Ouro &#8211; EXPOSITION D\u00b4 ARTISTES CONTEMPORAINS \u2013 ACR\u00d3POLIS SALLE DES EXPOSITION &#8211; VILLE DE NICE &#8211; FRANCE<\/p>\n<p>PARTICIPA\u00c7\u00c3O EM OUTROS SAL\u00d5ES<\/p>\n<p>SAL\u00c3O OFICIAL DA ACADEMIA PAULISTA DE BELAS ARTES<\/p>\n<p>1981\u00a0\u00a0\u00a0\u00a0 Pr\u00eamio Viagem<br \/>\n1982\u00a0\u00a0\u00a0\u00a0 Medalha de Ouro &#8220;PAULISTUR&#8221;<\/p>\n<p>SAL\u00c3O DE BELAS ARTES DE VER\u00c3O DA PREFEITURA MUNICIPAL DE S\u00c3O PAULO<\/p>\n<p>1975\u00a0\u00a0\u00a0\u00a0 Medalha de Prata<\/p>\n<p>SAL\u00c3O DE BELAS ARTES DA SOCIEDADE AMIGOS DO SAL\u00c3O PAULISTA DE BELAS ARTES<\/p>\n<p>1977\u00a0\u00a0\u00a0\u00a0 Grande Medalha de Prata<\/p>\n<p>SAL\u00c3O DE BELAS ARTES DA TIJUCA &#8211; RIO DE JANEIRO<\/p>\n<p>1977\u00a0\u00a0\u00a0\u00a0 Pr\u00eamio Especial<\/p>\n<p>SAL\u00c3O DE BELAS ARTES DO COL\u00c9GIO ARQUIDIOCESANO<\/p>\n<p>1977\u00a0\u00a0\u00a0\u00a0 Grande Medalha de Ouro<br \/>\n1979\u00a0\u00a0\u00a0\u00a0 Pr\u00eamio Consagra\u00e7\u00e3o<br \/>\n1980\u00a0\u00a0\u00a0\u00a0 Faz parte do j\u00fari de sele\u00e7\u00e3o e premia\u00e7\u00e3o<\/p>\n<p>ASSOCIA\u00c7\u00c3O PAULISTA DE BELAS ARTES<\/p>\n<p>Pequena Medalha de Bronze<br \/>\nGrande Medalha de Bronze<br \/>\nPequena Medalha de Prata<br \/>\nGrande Medalha de Prata<br \/>\nMedalha de Ouro<\/p>\n<p>SAL\u00c3O DE BELAS ARTES DE AMPARO \u2013 SP<\/p>\n<p>1974\u00a0\u00a0\u00a0\u00a0 Faz parte do j\u00fari de sele\u00e7\u00e3o e premia\u00e7\u00e3o<br \/>\n1978\u00a0\u00a0\u00a0\u00a0 Faz parte do j\u00fari de sele\u00e7\u00e3o e premia\u00e7\u00e3o<br \/>\n1979\u00a0\u00a0\u00a0\u00a0 Grande Medalha de Ouro<br \/>\n1980\u00a0\u00a0\u00a0\u00a0 Trof\u00e9u EST\u00c2NCIA DE AMPARO<\/p>\n<p>SAL\u00c3O BARRETENSE DE BELAS ARTES<\/p>\n<p>1980\u00a0\u00a0\u00a0\u00a0 Placa de Ouro<br \/>\n1981\u00a0\u00a0\u00a0\u00a0 Grande Medalha de Ouro<\/p>\n<p>SAL\u00c3O DE BELAS ARTES DE RIBEIR\u00c3O PRETO \u2013 SP<\/p>\n<p>1982\u00a0\u00a0\u00a0\u00a0 Medalha de Ouro<\/p>\n<p>SAL\u00c3O DE BELAS ARTES DE LIMEIRA \u2013 SP<\/p>\n<p>1975\u00a0\u00a0\u00a0\u00a0 Grande Medalha de Prata<br \/>\n1976\u00a0\u00a0\u00a0\u00a0 Faz parte do j\u00fari de sele\u00e7\u00e3o e premia\u00e7\u00e3o<br \/>\n1986\u00a0\u00a0\u00a0\u00a0 Pr\u00eamio Aquisitivo<\/p>\n<p>SAL\u00c3O DE BELAS ARTES DE RIO CLARO \u2013 SP<\/p>\n<p>1975\u00a0\u00a0\u00a0\u00a0 Grande Medalha de Prata<br \/>\n1976\u00a0\u00a0\u00a0\u00a0 Faz parte do j\u00fari de sele\u00e7\u00e3o e premia\u00e7\u00e3o<br \/>\n1977\u00a0\u00a0\u00a0\u00a0 Pequena Medalha de Ouro<\/p>\n<p>SAL\u00c3O DE BELAS ARTES DE S\u00c3O LOUREN\u00c7O \u2013 SP<\/p>\n<p>1976\u00a0\u00a0\u00a0\u00a0 Medalha de Bronze<\/p>\n<p>SAL\u00c3O ARARENSE DE BELAS ARTES<\/p>\n<p>1979\u00a0\u00a0\u00a0\u00a0 Faz parte do j\u00fari de sele\u00e7\u00e3o e premia\u00e7\u00e3o<br \/>\n1980\u00a0\u00a0\u00a0\u00a0 Medalha de Prata<\/p>\n<p>SAL\u00c3O DE BELAS ARTES DO LITORAL PAULISTA<\/p>\n<p>1980\u00a0\u00a0\u00a0\u00a0 Faz parte do j\u00fari de sele\u00e7\u00e3o e premia\u00e7\u00e3o<\/p>\n<p>SAL\u00c3O ACAD\u00caMICO DE BELAS ARTES DE CAMPINAS \u2013 SP<\/p>\n<p>1984\u00a0\u00a0\u00a0\u00a0 Pr\u00eamio Aquisitivo<br \/>\n1990\u00a0\u00a0\u00a0\u00a0 Trof\u00e9u da Prefeitura Municipal de Campinas<\/p>\n<p>SAL\u00c3O DE BELAS ARTES DE JABOTICABAL \u2013 SP<\/p>\n<p>Pequena e Grande Medalha de Bronze<br \/>\n <p class=\"wpsm-hide\" style=\"color: #cc0000; font-size: 100%; text-align: left;\"> ... Ler menos<\/p><\/div><\/div>\n","protected":false},"excerpt":{"rendered":"<p>Artista: Takaki, Shokichi T\u00edtulo: Rosas e\u00a0Cachoeira T\u00e9cnica: \u00d3leo Sobre Tela Dimens\u00f5es: 60 X 90 cm Data: 2001<\/p>\n","protected":false},"featured_media":400,"template":"","meta":[],"product_cat":[80],"product_tag":[100,99,101],"class_list":["post-399","product","type-product","status-publish","has-post-thumbnail","hentry","product_cat-takaki-shokichi","product_tag-brazil-gallery","product_tag-galeria-de-arte","product_tag-obras-de-arte"],"aioseo_notices":[],"_links":{"self":[{"href":"https:\/\/bg1.com.br\/loja\/wp-json\/wp\/v2\/product\/399","targetHints":{"allow":["GET"]}}],"collection":[{"href":"https:\/\/bg1.com.br\/loja\/wp-json\/wp\/v2\/product"}],"about":[{"href":"https:\/\/bg1.com.br\/loja\/wp-json\/wp\/v2\/types\/product"}],"wp:featuredmedia":[{"embeddable":true,"href":"https:\/\/bg1.com.br\/loja\/wp-json\/wp\/v2\/media\/400"}],"wp:attachment":[{"href":"https:\/\/bg1.com.br\/loja\/wp-json\/wp\/v2\/media?parent=399"}],"wp:term":[{"taxonomy":"product_cat","embeddable":true,"href":"https:\/\/bg1.com.br\/loja\/wp-json\/wp\/v2\/product_cat?post=399"},{"taxonomy":"product_tag","embeddable":true,"href":"https:\/\/bg1.com.br\/loja\/wp-json\/wp\/v2\/product_tag?post=399"}],"curies":[{"name":"wp","href":"https:\/\/api.w.org\/{rel}","templated":true}]}}

<p><span style="font-family: verdana,arial,tahoma,helvetica;">Artista: Takaki, Shokichi<br />
Título: Rosas e Cachoeira<br />
Técnica: Óleo Sobre Tela<br />
Dimensões: 60 X 90 cm<br />
Data: 2001</span></p>
<div class="show_more"><p class="wpsm-show" style="color: #cc0000; font-size: 100%; text-align: left;"> ... Leia mais</p><div class="wpsm-content">
SHOKICHI TAKAKI</p>
<p>Nascido em Niegata, Japão, em 1914, o artista chegou ao Brasil em 1926 e atuou como colono nas lavouras paulistas de café na região de Bebedouro e Nova Granada.<br />
Percebendo que aquela atividade não tinha futuro como forma de independência econômica, lembrando que se destacara nas aulas de desenho na escola, quando criança, comprou, em Olímpia, tinta a óleo e folhas de cartolina. Pintou à noite, único horário livre que tinha, e conseguiu êxito de venda com o administrador da fazenda onde trabalhava.<br />
Determinado, em busca de novas oportunidades, em 1940, já casado, decide ir para a Capital. Desempenha a função de desenhista de litografia e de agricultor de tomates em Guararema, mas, autodidata e persistente, desenvolveu uma forma muito pessoal de pintar as flores, principalmente as rosas.<br />
Ao tornar a difícil execução em algo aparentemente fácil, discute o exercício de pintar com maestria. Consegue resultados surpreendentes e fascinantes que podem ser avaliados levando em conta alguns princípios estéticos que norteiam a arte tradicional japonesa: miyabi (elegância refinada), mono no aware (consciência da transitoriedade das coisas e uma tristeza serena ao vê-las passar), wabi (prazer da tranqüilidade) e sabi (simplicidade elegante).<br />
Seis vezes recusado no Salão Paulista de Belas Artes, Takaki foi finalmente aceito em 1950, recebendo, posteriormente premiações como a Pequena e a Grande Medalha de Bronze e a Pequena e a Grande Medalha de Prata. Ganhou assim o respeito artístico como alguém que domina os recursos plásticos para obter os efeitos visuais desejados.<br />
O artista aprimorou uma linha de trabalho caracterizada por paisagens, naturezas-mortas, figuras humanas, flores e marinhas. Realista em sua forma de produzir as imagens, sabe como incutir em suas criações, de maneira marcante, a intensidade da cor. Está ali o documento de uma expressão humana e de uma espiritualidade perante a arte.<br />
Trata-se de uma obra madura em sua concepção e realização. As flores do artista propiciam a combinação entre a técnica aprimorada ao longo dos anos e a certeza de que cada quadro não é uma repetição dos anteriores, mas uma execução renovada da pesquisa de um fazer e de um pensar visual.</p>
<p>Oscar D’Ambrosio, jornalista e mestre em Artes Visuais pelo Instituto de Artes da Unesp, integra a Associação Internacional de Críticos de Arte (AICA- Seção Brasil).</p>
<p>PARTICIPAÇÕES EM SALÕES DE ARTES</p>
<p>SALÃO PAULISTA DE BELAS ARTES<br />
1964     Medalha de Bronze &#8211; Obra: O Aleijadinho &#8211; OST &#8211; 80 X 120 cm<br />
1966     Pequena Medalha de Prata &#8211; Obra: Uma tarde na colina de Piratininga &#8211; OST &#8211; 90 X 120 cm<br />
1969     Grande Medalha de Prata &#8211; Obra: Cachimbada &#8211; OST &#8211; 90 X 120 cm<br />
1972     Faz parte do júri de seleção e premiação<br />
1973     Pequena Medalha de Ouro &#8211; Obra: Tarde de Nostalgias &#8211; OST &#8211; 100 X 145 cm<br />
1979     Prêmio Viagem ao País &#8211; Obra: Natureza Morta &#8211; OST &#8211; 85 X 130 cm<br />
1984     Prêmio Dr. Geraldo Mattar<br />
1985     Prêmio Governador do Estado &#8211; Obra: Composição<br />
1987     Grande Medalha de Ouro &#8211; Obra: Manacá da Serra &#8211; OST &#8211; 85 X 125 cm<br />
1988     Medalha de Honra &#8211; Obra: Inspiração &#8211; OST &#8211; 96 X 136 cm</p>
<p>PARTICIPAÇÕES EM SALÕES INTERNACIONAIS</p>
<p>1984     Medaile D´ Or &#8220;VILLE DE PARIS&#8221; &#8211; Obra: Cataratas (Le Centre International D´Art Contemporain) Paris &#8211; France<br />
1985     Medalha de Ouro &#8220;Grão Mestre&#8221; &#8211; Obra: Crisântemos (1ª Mostra de Arte Contemporânea Brasileira) EXPOFAIR &#8211; ESPELHO DE ÁGUA &#8211; LISBOA &#8211; PORTUGAL<br />
1986     Grand Gold Great &#8220;MASTER MEDAL&#8221;    CURTIS HIXON CONVENTION CENTER – TAMPA &#8211; FLÓRIDA &#8211; EUA<br />
1987     Grande Medalha de Ouro &#8211; EXPOSITION D´ ARTISTES CONTEMPORAINS – ACRÓPOLIS SALLE DES EXPOSITION &#8211; VILLE DE NICE &#8211; FRANCE</p>
<p>PARTICIPAÇÃO EM OUTROS SALÕES</p>
<p>SALÃO OFICIAL DA ACADEMIA PAULISTA DE BELAS ARTES</p>
<p>1981     Prêmio Viagem<br />
1982     Medalha de Ouro &#8220;PAULISTUR&#8221;</p>
<p>SALÃO DE BELAS ARTES DE VERÃO DA PREFEITURA MUNICIPAL DE SÃO PAULO</p>
<p>1975     Medalha de Prata</p>
<p>SALÃO DE BELAS ARTES DA SOCIEDADE AMIGOS DO SALÃO PAULISTA DE BELAS ARTES</p>
<p>1977     Grande Medalha de Prata</p>
<p>SALÃO DE BELAS ARTES DA TIJUCA &#8211; RIO DE JANEIRO</p>
<p>1977     Prêmio Especial</p>
<p>SALÃO DE BELAS ARTES DO COLÉGIO ARQUIDIOCESANO</p>
<p>1977     Grande Medalha de Ouro<br />
1979     Prêmio Consagração<br />
1980     Faz parte do júri de seleção e premiação</p>
<p>ASSOCIAÇÃO PAULISTA DE BELAS ARTES</p>
<p>Pequena Medalha de Bronze<br />
Grande Medalha de Bronze<br />
Pequena Medalha de Prata<br />
Grande Medalha de Prata<br />
Medalha de Ouro</p>
<p>SALÃO DE BELAS ARTES DE AMPARO – SP</p>
<p>1974     Faz parte do júri de seleção e premiação<br />
1978     Faz parte do júri de seleção e premiação<br />
1979     Grande Medalha de Ouro<br />
1980     Troféu ESTÂNCIA DE AMPARO</p>
<p>SALÃO BARRETENSE DE BELAS ARTES</p>
<p>1980     Placa de Ouro<br />
1981     Grande Medalha de Ouro</p>
<p>SALÃO DE BELAS ARTES DE RIBEIRÃO PRETO – SP</p>
<p>1982     Medalha de Ouro</p>
<p>SALÃO DE BELAS ARTES DE LIMEIRA – SP</p>
<p>1975     Grande Medalha de Prata<br />
1976     Faz parte do júri de seleção e premiação<br />
1986     Prêmio Aquisitivo</p>
<p>SALÃO DE BELAS ARTES DE RIO CLARO – SP</p>
<p>1975     Grande Medalha de Prata<br />
1976     Faz parte do júri de seleção e premiação<br />
1977     Pequena Medalha de Ouro</p>
<p>SALÃO DE BELAS ARTES DE SÃO LOURENÇO – SP</p>
<p>1976     Medalha de Bronze</p>
<p>SALÃO ARARENSE DE BELAS ARTES</p>
<p>1979     Faz parte do júri de seleção e premiação<br />
1980     Medalha de Prata</p>
<p>SALÃO DE BELAS ARTES DO LITORAL PAULISTA</p>
<p>1980     Faz parte do júri de seleção e premiação</p>
<p>SALÃO ACADÊMICO DE BELAS ARTES DE CAMPINAS – SP</p>
<p>1984     Prêmio Aquisitivo<br />
1990     Troféu da Prefeitura Municipal de Campinas</p>
<p>SALÃO DE BELAS ARTES DE JABOTICABAL – SP</p>
<p>Pequena e Grande Medalha de Bronze<br />
 <p class="wpsm-hide" style="color: #cc0000; font-size: 100%; text-align: left;"> ... Ler menos</p></div></div>

<p>Artista: Takaki, Shokichi Título: Rosas e Cachoeira Técnica: Óleo Sobre Tela Dimensões: 60 X 90 cm Data: 2001</p>
