{"id":813,"date":"2020-08-10T23:06:40","date_gmt":"2020-08-11T02:06:40","guid":{"rendered":"http:\/\/bg1.com.br\/loja\/produto\/dorival-maggioni-finotto-spin-escultura-cinetica-190-x-107-cm-acompanha-manual-de-operacao-e-instalacao-ref-dmf-001\/"},"modified":"2020-12-07T17:14:05","modified_gmt":"2020-12-07T20:14:05","slug":"dorival-maggioni-finotto-spin-escultura-cinetica-190-x-107-cm-acompanha-manual-de-operacao-e-instalacao-ref-dmf-001","status":"publish","type":"product","link":"https:\/\/bg1.com.br\/loja\/produto\/dorival-maggioni-finotto-spin-escultura-cinetica-190-x-107-cm-acompanha-manual-de-operacao-e-instalacao-ref-dmf-001\/","title":{"rendered":"Dorival Maggioni Finotto &#8211; SPIN &#8211; Escultura Cin\u00e9tica &#8211; 190 X 107 cm &#8211; Acompanha Manual de Opera\u00e7\u00e3o e Instala\u00e7\u00e3o &#8211; REF: DMF-001"},"content":{"rendered":"<p>Artista: Dorival Maggioni Finotto<br \/>\nT\u00edtulo: SPIN<br \/>\nT\u00e9cnica: Escultura Cin\u00e9tica<br \/>\nDimens\u00f5es: 190 X 107 cm<br \/>\nAcompanha Manual de Opera\u00e7\u00e3o e Instala\u00e7\u00e3o.<br \/>\nVEJA O V\u00cdDEO ABAIXO<\/p>\n<div class=\"show_more\"><p class=\"wpsm-show\" style=\"color: #cc0000; font-size: 100%; text-align: left;\"> ... Leia mais<\/p><div class=\"wpsm-content\">\nBreve Biografia<br \/>\nForma\u00e7\u00e3o escolar<br \/>\nFormado em engenharia eletr\u00f4nica<br \/>\nForma\u00e7\u00e3o art\u00edstica<br \/>\nNeto de imigrantes italianos, desde crian\u00e7a gostava de artes como musica e pintura e sempre as praticava como hobby.<br \/>\nCursei desenho e pintura a \u00f3leo dois anos na APBA &#8211; Associa\u00e7\u00e3o Paulista de Belas Artes em S\u00e3o Paulo, onde passaram grandes artistas do cen\u00e1rio nacional.<br \/>\nParticipa\u00e7\u00e3o em exposi\u00e7\u00f5es:<br \/>\nAssocia\u00e7\u00e3o Paulista de Belas Artes &#8211; Pr\u00eamio Men\u00e7\u00e3o Honrosa &#8211; Trabalho carv\u00e3o &#8211; Devaneio \u2013 2002<br \/>\nAssocia\u00e7\u00e3o Comercial de S\u00e3o Paulo &#8211; Classifica\u00e7\u00e3o para exposi\u00e7\u00e3o Sal\u00e3o de Artes no Shoping Center Eldorado &#8211; \u00d3leo sobre Tela &#8211; O velho e o Maracuj\u00e1 \u2013 2004<br \/>\nXVII Sal\u00e3o da Natureza Morta \u2013 APBA \u2013 Associa\u00e7\u00e3o Paulista de Belas Artes \u2013 2009<br \/>\nNos \u00faltimos dois anos me dediquei \u00e0 pesquisa e aperfei\u00e7oamento de t\u00e9cnicas de pintura, estudo crom\u00e1tico e fabrica\u00e7\u00e3o pr\u00f3pria das telas com qualidade superior.<\/p>\n<p>Confira no V\u00eddeo:<\/p>\n<p><iframe loading=\"lazy\" title=\"Escultura Cin\u00e9tica SPIN Dorival Maggioni Finotto\" width=\"1020\" height=\"574\" src=\"https:\/\/www.youtube.com\/embed\/XO0KmxG7ZGY?feature=oembed\" frameborder=\"0\" allow=\"accelerometer; autoplay; clipboard-write; encrypted-media; gyroscope; picture-in-picture\" allowfullscreen><\/iframe><br \/>\n <p class=\"wpsm-hide\" style=\"color: #cc0000; font-size: 100%; text-align: left;\"> ... Ler menos<\/p><\/div><\/div>\n","protected":false},"excerpt":{"rendered":"<p>Artista: Dorival Maggioni Finotto T\u00edtulo: SPIN T\u00e9cnica: Escultura Cin\u00e9tica Dimens\u00f5es: 190 X 107 cm Acompanha Manual de Opera\u00e7\u00e3o e Instala\u00e7\u00e3o. VEJA O V\u00cdDEO ABAIXO<\/p>\n","protected":false},"featured_media":814,"template":"","meta":[],"product_cat":[85],"product_tag":[100,99,101],"class_list":["post-813","product","type-product","status-publish","has-post-thumbnail","hentry","product_cat-dorival-finotto","product_tag-brazil-gallery","product_tag-galeria-de-arte","product_tag-obras-de-arte"],"aioseo_notices":[],"_links":{"self":[{"href":"https:\/\/bg1.com.br\/loja\/wp-json\/wp\/v2\/product\/813","targetHints":{"allow":["GET"]}}],"collection":[{"href":"https:\/\/bg1.com.br\/loja\/wp-json\/wp\/v2\/product"}],"about":[{"href":"https:\/\/bg1.com.br\/loja\/wp-json\/wp\/v2\/types\/product"}],"wp:featuredmedia":[{"embeddable":true,"href":"https:\/\/bg1.com.br\/loja\/wp-json\/wp\/v2\/media\/814"}],"wp:attachment":[{"href":"https:\/\/bg1.com.br\/loja\/wp-json\/wp\/v2\/media?parent=813"}],"wp:term":[{"taxonomy":"product_cat","embeddable":true,"href":"https:\/\/bg1.com.br\/loja\/wp-json\/wp\/v2\/product_cat?post=813"},{"taxonomy":"product_tag","embeddable":true,"href":"https:\/\/bg1.com.br\/loja\/wp-json\/wp\/v2\/product_tag?post=813"}],"curies":[{"name":"wp","href":"https:\/\/api.w.org\/{rel}","templated":true}]}}